9, 67079
What are the prime factors of 91644609?
3, 7, 4364029
What are the prime factors of 62320133?
19, 23, 142609
What are the prime factors of 298392225?
3, 5, 23, 172981
What are the prime factors of 62730733?
13, 4825441
What are the prime factors of 269538997?
7, 13, 19, 155893
List the prime factors of 924906759.
3, 7, 193, 228203
What are the prime factors of 896455601?
3089, 290209
What are the prime factors of 34788055?
5, 6957611
List the prime factors of 1028912886.
2, 3, 757, 75511
What are the prime factors of 913931627?
7, 130561661
What are the prime factors of 295580927?
673, 439199
List the prime factors of 81214959.
3, 7, 1627, 2377
List the prime factors of 2034956078.
2, 137, 1229, 6043
What are the prime factors of 779971057?
6451, 120907
What are the prime factors of 311790561?
3, 103930187
What are the prime factors of 112165000?
2, 5, 22433
List the prime factors of 2652411521.
521, 5091001
List the prime factors of 145290641.
145290641
What are the prime factors of 706906454?
2, 31, 11401717
What are the prime factors of 25568870?
2, 5, 19, 23, 5851
List the prime factors of 32029013.
37, 53, 16333
What are the prime factors of 91053766?
2, 45526883
What are the prime factors of 71227625?
5, 7, 29, 401
List the prime factors of 24557717.
24557717
What are the prime factors of 405062370?
2, 3, 5, 41, 12197
What are the prime factors of 2317304131?
29, 79907039
What are the prime factors of 4791868576?
2, 11, 23, 591881
What are the prime factors of 2699514806?
2, 1657, 814579
What are the prime factors of 52794926?
2, 769, 34327
What are the prime factors of 171540237?
3, 11, 5198189
List the prime factors of 2908666512.
2, 3, 31, 349, 1867
List the prime factors of 1131270316.
2, 11, 43, 597923
What are the prime factors of 89498290?
2, 5, 7, 23, 55589
List the prime factors of 40313448.
2, 3, 7, 79987
List the prime factors of 52384588.
2, 13096147
List the prime factors of 658356548.
2, 31, 1327, 4001
List the prime factors of 149620695.
3, 5, 7, 1424959
List the prime factors of 283261158.
2, 3, 19, 276083
What are the prime factors of 350254957?
13, 31, 869119
List the prime factors of 39206010.
2, 3, 5, 31, 42157
List the prime factors of 54021997.
19, 2843263
List the prime factors of 64998472.
2, 7, 11, 105517
What are the prime factors of 21150716?
2, 5287679
List the prime factors of 49727990.
2, 5, 13, 179, 2137
What are the prime factors of 3217140083?
47, 3023, 22643
What are the prime factors of 6186964607?
9491, 651877
List the prime factors of 1629617364.
2, 3, 45267149
List the prime factors of 650383348.
2, 17, 29, 31, 10639
What are the prime factors of 425096166?
2, 3, 11, 23, 280037
What are the prime factors of 258764149?
7, 5280901
What are the prime factors of 1297889675?
5, 83, 625489
List the prime factors of 283289368.
2, 61, 613, 947
List the prime factors of 556013000.
2, 5, 419, 1327
What are the prime factors of 110319960?
2, 3, 5, 23, 39971
List the prime factors of 2181712575.
3, 5, 7, 31, 134053
List the prime factors of 3751263999.
3, 7, 29, 2053237
What are the prime factors of 142842841?
71, 409, 4919
List the prime factors of 644519682.
2, 3, 71, 113, 4463
What are the prime factors of 419982521?
7, 271, 221393
List the prime factors of 224110693.
4397, 50969
List the prime factors of 236202846.
2, 3, 11, 149, 24019
What are the prime factors of 10825030?
2, 5, 727, 1489
What are the prime factors of 285548184?
2, 3, 17, 13723
What are the prime factors of 2545017979?
7, 113, 631, 5099
What are the prime factors of 5836095141?
3, 23, 7523, 11243
What are the prime factors of 45616143?
3, 15205381
What are the prime factors of 25383436?
2, 13, 488143
What are the prime factors of 6075829463?
11, 552348133
What are the prime factors of 2821452145?
5, 564290429
What are the prime factors of 23614310?
2, 5, 43, 54917
List the prime factors of 1782954522.
2, 3, 31, 3195259
List the prime factors of 727951839.
3, 47, 73, 197, 359
List the prime factors of 84417131.
84417131
What are the prime factors of 174786204?
2, 3, 163, 193, 463
What are the prime factors of 165270516?
2, 3, 13772543
What are the prime factors of 94993339?
7, 13570477
List the prime factors of 66774733.
29, 47, 48991
What are the prime factors of 1989540176?
2, 13, 89, 107473
List the prime factors of 214369358.
2, 7, 15312097
What are the prime factors of 147295872?
2, 3, 29, 4409
List the prime factors of 68419326.
2, 3, 11403221
List the prime factors of 604654356.
2, 3, 383, 131561
List the prime factors of 836390241.
3, 19, 4891171
List the prime factors of 1785878255.
5, 7, 139, 229
What are the prime factors of 2785682107?
13, 12619, 16981
List the prime factors of 171977287.
17, 10116311
List the prime factors of 1292830525.
5, 7, 2063, 3581
List the prime factors of 458142214.
2, 17, 37, 364183
List the prime factors of 3401485.
5, 680297
What are the prime factors of 270186895?
5, 11, 4912489
What are the prime factors of 155504736?
2, 3, 539947
What are the prime factors of 117051991?
7, 23, 193, 3767
What are the prime factors of 222752431?
11, 197, 102793
List the prime factors of 24630627.
3, 7, 41, 28607
What are the prime factors of 275363095?
5, 7, 1123931
List the prime factors of 63574575.
3, 5, 149, 5689
List the prime factors of 17915405.
5, 3583081
List the prime factors of 736158768.
2, 3, 373, 41117
What are the prime factors of 909153192?
2, 3, 19, 1993757
List the prime factors of 13538410.
2, 5, 571, 2371
List the prime factors of 225825295.
5, 4789, 9431
What are the prime factors of 4878883061?
13, 19, 19752563
List the prime factors of 609136028.
2, 152284007
List the prime factors of 419829.
3, 139943
What are the prime factors of 1318665804?
2, 3, 1483, 74099
List the prime factors of 7732855.
5, 13, 118967
What are the prime factors of 80094623?
7, 1249, 9161
What are the prime factors of 32181187?
17, 41, 46171
What are the prime factors of 2379597825?
3, 5, 11, 23, 125407
List the prime factors of 270643612.
2, 67660903
List the prime factors of 779489108.
2, 1279, 152363
List the prime factors of 69411580.
2, 5, 7, 495797
What are the prime factors of 390377528?
2, 17, 23, 37, 3373
What are the prime factors of 281830410?
2, 3, 5, 29, 107981
What are the prime factors of 1424708004?
2, 3, 73, 1626379
List the prime factors of 4027166577.
3, 7, 23, 29, 13691
List the prime factors of 2497362168.
2, 3, 7, 577, 25763
What are the prime factors of 5272089912?
2, 3, 17, 4307263
List the prime factors of 684832891.
684832891
List the prime factors of 906635947.
7, 5953, 21757
List the prime factors of 68777394.
2, 3, 7, 647, 2531
What are the prime factors of 18170373?
3, 13, 35839
What are the prime factors of 243770980?
2, 5, 31, 569, 691
What are the prime factors of 2997987578?
2, 23, 29, 149, 15083
List the prime factors of 321800067.
3, 11918521
List the prime factors of 846514626.
2, 3, 17, 331, 25073
List the prime factors of 3066904136.
2, 43, 8915419
What are the prime factors of 59263501?
11, 29, 16889
List the prime factors of 92888173.
7, 227, 1193
List the prime factors of 695595583.
695595583
What are the prime factors of 451775640?
2, 3, 5, 67, 83, 677
What are the prime factors of 31733513?
7, 997, 4547
List the prime factors of 221477471.
19, 71, 8641
List the prime factors of 32497538.
2, 313, 51913
What are the prime factors of 120840618?
2, 3, 113, 178231
List the prime factors of 92526725.
5, 3701069
List the prime factors of 198267661.
31, 83, 251, 307
List the prime factors of 2284367712.
2, 3, 11, 196657
What are the prime factors of 78829495?
5, 15765899
What are the prime factors of 2814853354?
2, 1407426677
List the prime factors of 7078789529.
7, 89, 11362423
List the prime factors of 55753853.
809, 68917
List the prime factors of 2073846124.
2, 7, 19, 3898207
What are the prime factors of 7834767?
3, 1213, 2153
What are the prime factors of 3896483478?
2, 3, 73, 1451, 6131
What are the prime factors of 34279442?
2, 17139721
List the prime factors of 2606799603.
3, 10037, 86573
List the prime factors of 971227887.
3, 7, 281, 164587
List the prime factors of 385123871.
11, 35011261
What are the prime factors of 856556437?
11, 77868767
What are the prim